 of q?
8
Suppose 0 = -2*y - 1 + 9. Suppose 4*u - 8 = 4*g + 48, -2*u - y*g = -46. Suppose t + 2 = -4*q + u, -t + 5*q = 3. What is the units digit of t?
7
Let q(r) = 6*r + 5. Let w be q(11). Let t = -43 + w. What is the units digit of t?
8
Let i = 45 - -3. What is the units digit of i?
8
Let l = -277 - -396. What is the hundreds digit of l?
1
Let x = -200 + 285. What is the tens digit of x?
8
Suppose -b - 5 = -0*r + 2*r, -r = -5*b - 3. What is the units digit of (1 - r)*(-52)/(-6)?
6
Let x = -11 + 7. Let y(j) = -j**2 - 6*j + 2. What is the units digit of y(x)?
0
Let k = 14 + -15. What is the units digit of k + -2 - (1 - 31)?
7
Suppose -4*w - 1 + 9 = 0. Let u = -3 + 14. Suppose u = w*b + 3*h, -2*h = -b + 3*b - 12. What is the units digit of b?
7
Let u(l) = -l + 2. Let h be u(0). Let s be (-9)/6 - 1/h. What is the units digit of -1*(2 + 0)*s?
4
What is the units digit of 13 - 3/(-6)*6?
6
Let q be (2/(-4))/(1/(-14)). Suppose c = q + 6. What is the units digit of c?
3
Let o(d) = -d**3 - 8*d**2 + 8*d + 15. What is the tens digit of o(-9)?
2
Let c(h) be the third derivative of -3*h**4/8 - 4*h**3/3 - 4*h**2. What is the tens digit of c(-5)?
3
Let j be (-4 - 0)/((-2)/3). Let k = 15 - j. What is the units digit of k?
9
Let i = -13 + 17. What is the tens digit of 3/i + (-772)/(-16)?
4
Let j = -9 + 9. Let g be j/(3 + -5 + 3). Suppose g = -5*r - 15, 2*r + 2*r = -f + 4. What is the units digit of f?
6
Let t be 4/(-20) + (-1)/(-5). Suppose 2*o = 6 - t. Suppose -l - o*q = -6*l + 44, l - 4*q = 19. What is the units digit of l?
7
Suppose c - 158 = -c. What is the tens digit of c?
7
Let d = 0 - -3. Suppose -c - 20 = -d*c. What is the units digit of c?
0
Suppose -3*x - n + 6*n + 31 = 0, -4*n + 6 = 2*x. What is the units digit of x?
7
What is the units digit of 156 - 3/((-18)/30)?
1
Let y(z) = 3. Let a(i) = i. Let n(h) = 2*a(h) - y(h). Let j be n(2). Let c = 6 - j. What is the units digit of c?
5
Suppose 4*d = 5*o - 0*d - 51, -2*o - d + 10 = 0. Suppose -6 = -0*f - 3*f. Suppose 0 = -q - f*n - o, q + n + 4 = 1. What is the units digit of q?
1
Let x = 16 + -3. Let g be 2/5 - x/(-5). Suppose 0 = -g*n - 2*t - 6 + 2, 0 = -4*n - 2*t - 2. What is the units digit of n?
2
Let z(t) = t**2 - 8*t - 2. Let s be z(7). Let v(n) = -n**2 - 10*n - 2. What is the units digit of v(s)?
7
Let v = 17 - -87. What is the units digit of v?
4
Let h(w) = -w**2 + 21. What is the units digit of h(0)?
1
What is the units digit of 42/11 + -4 + (-2499)/(-11)?
7
Let c(f) = 235*f**2 + 4*f - 1. What is the hundreds digit of c(-1)?
2
Let j(d) = -d**2 - 18*d + 11. Let g be j(-9). Suppose -3*v + g = -31. What is the tens digit of v?
4
Let f(s) = s - 1 + s**2 - 3 + 8*s - 7. What is the units digit of f(-11)?
1
Let o(s) = -s**3 - s**2 - s + 1. Let c be o(0). What is the tens digit of (52/(-8))/(c/(-2))?
1
Let r(c) = 3*c**2 - c - 4. What is the tens digit of r(-4)?
4
Suppose -3*q + 180 = 5*y, -4*y - 3 = -5*y. What is the units digit of q?
5
Let a = -5 + 5. Suppose a = 3*q + 6*x - x - 39, 0 = -q - 2*x + 13. What is the units digit of q?
3
What is the tens digit of 228/14 - 14/49?
1
Let y(o) = -o. Let k be y(-3). Suppose -k*n + 2*p = -13, 7*n = 4*n + p + 11. What is the units digit of n?
3
Let k = -80 - -127. What is the units digit of k?
7
Let h(i) = -2*i - 2. Let g be h(-3). Suppose -w = 2*m + g, -m - 3 + 0 = 0. Suppose w*p - 12 = 26. What is the units digit of p?
9
Let m(c) = c**2 + c - 1. What is the units digit of m(5)?
9
What is the units digit of (0 - -12) + (8 - 12)?
8
Let f(u) be the third derivative of u**4/24 + 11*u**3/6 - 5*u**2. What is the units digit of f(-9)?
2
What is the units digit of 383 - 8/(16/10)?
8
Let a(w) = w**2 + 13*w + 9. What is the units digit of a(12)?
9
Suppose -3*p + 0*j + j + 8 = 0, j + 2 = 0. Suppose 2*u - 32 = 4*u. What is the units digit of (-3)/6*u/p?
4
Suppose -5*a = -2*d - 626, 4 = 4*d - 4. What is the units digit of a?
6
Let t(a) = -2*a**2 - 2*a + 1. Let q(h) = 2*h**2 - 2*h + 1. Let m be q(1). Let p be t(m). What is the units digit of -2*p/(2 + 1)?
2
Suppose -3*k - 17 + 182 = 2*x, -4*k + 328 = 4*x. Suppose 4*b - 111 = x. What is the units digit of b?
8
Let h(z) = 0 + z**3 + 5 - 2. What is the units digit of h(0)?
3
Let o be (-3 - (-4 + 0)) + 14. Suppose 48 = 3*a - o. What is the tens digit of a?
2
Suppose -5 = 5*w - 0*v + 5*v, 5*v - 13 = w. Let y be (-19)/3 - w/9. What is the units digit of -2 - 2/3*y?
2
Let x(t) = -t**2 + 3*t + 4. Let j be x(4). Suppose -h + 2*h - 8 = j. What is the units digit of h?
8
Suppose s - 13 = 28. What is the units digit of s?
1
Suppose -5*b = -26 - 259. What is the tens digit of b?
5
Suppose 0 = 2*n - 0*s + 3*s - 139, -3*n = -4*s - 200. What is the units digit of n?
8
Let a(h) = h**2 - 2*h + 10. What is the hundreds digit of a(-15)?
2
Let g(j) = j - 2. Let p be g(3). Let c be (p - 0) + 4/4. Let x = 4 - c. What is the units digit of x?
2
Suppose v + 10 = -5*g, -2 = v - 6*v + g. Suppose v = 4*j + 2*h - 4*h - 16, 4*j - 5*h = 10. Let o = -3 + j. What is the units digit of o?
2
Let x(y) = y**3 - 6*y**2 + 2*y - 6. Let o be x(6). What is the units digit of (-7)/(-42) + 23/o?
4
Suppose 2*h - 9*y = -5*y + 748, -3*h + 5*y + 1121 = 0. What is the units digit of h?
2
What is the units digit of ((-1836)/(-30))/((-2)/(-5))?
3
Let o(m) = m**2 - 2*m + 9. What is the tens digit of o(-4)?
3
Let i be (-1)/((-14)/6 + 2). Let k = i + -1. What is the units digit of 0 + 1/(k/16)?
8
Let n = 86 - 46. Suppose 3*p - 95 = -3*w + n, 4*w = 4*p + 164. Let z = w - 24. What is the units digit of z?
9
Suppose -3*n - 24 = -0*n. Let m = -9 - n. Let q = 14 + m. What is the units digit of q?
3
Let w be 77/(-7) + (1 - 4). Let z = -8 - w. Let q = z - -1. What is the units digit of q?
7
Let o be 2/4*(2 + -2). Suppose -4*i + 9*i - 2*h - 16 = o, -i = -4*h + 4. Suppose -k = -3*y + 3 + 3, -y = -i*k - 13. What is the units digit of y?
1
Suppose 3 + 1 = y. Suppose -32 = -4*v - y*s, 2 - 18 = -2*v + 5*s. What is the units digit of v?
8
Suppose q - 2*r - 28 = 14, 2*r = 2*q - 74. What is the tens digit of q?
3
Let r be 23/3 + (-2)/(-6). Let d = 13 - r. Suppose 3 = 3*f - w, d*f + 3*w + 6 - 25 = 0. What is the units digit of f?
2
Let p = 23 + -21. Let w = 6 - 3. Let y = w - p. What is the units digit of y?
1
Let c(h) = -h**3 + 8*h**2 + 7*h + 9. What is the tens digit of c(8)?
6
Let t = 811 + -492. What is the hundreds digit of t?
3
Suppose -14*g + 6*g = -848. What is the hundreds digit of g?
1
Let s(f) = f**2 - 5*f + 6. Let g be s(4). Suppose 4*j - g*j + 8 = 0, -4*v + 84 = -3*j. What is the units digit of v?
8
Let k = -16 - -7. Let n = -6 - k. What is the units digit of n?
3
Let r = 495 + -99. What is the units digit of r?
6
Suppose 3*i - 8 = -2*c, -5*c + 3 = 28. Suppose i + 14 = 2*t. What is the tens digit of t?
1
Let x(v) be the first derivative of v**3/3 - 3*v**2/2 + 4*v - 3. What is the tens digit of x(5)?
1
Let j(z) = 24*z + 2 - 2 - 2. Let s(g) = -8*g + 1. Let b(n) = -2*j(n) - 7*s(n). What is the units digit of b(2)?
3
Let d(p) = -p**2 - p + 4. Suppose -5*b + 0*s - 2*s - 2 = 0, -3*s = -3*b + 3. Let i be d(b). Suppose 4*n + 0*n = i. What is the units digit of n?
1
Let j = 6 + -12. Let o be 154/4 - (-3)/j. Let c = o - 26. What is the units digit of c?
2
Suppose w + 21 - 3 = 5*n, 5*n - 10 = 0. What is the units digit of 6/(-24) - 186/w?
3
Let x = 10 - -14. Suppose 3*w - 2*w - x = 0. What is the tens digit of w?
2
Suppose 2*u = u - 5*q + 13, 2*u = 3*q. What is the units digit of u?
3
Let b = 2 + -15. Let w = 4 - b. What is the units digit of w?
7
Let s(v) = -v - 3. Let o be s(-2). Let z(p) = -2*p**2 + 1. Let h be z(o). Let t = 1 - h. What is the units digit of t?
2
Let c(i) = 9 - 3*i + 4*i + 3*i - 3*i. What is the units digit of c(0)?
9
Let x(z) = z**3 - 4*z**2 - 6*z - 13. What is the tens digit of x(6)?
2
Let q(l) = l**3 + 5*l**2 - 8*l - 5. Let m(p) = -1 - 2*p**2 - 1 - 2*p + 0*p**2. Let s be m(-2). What is the units digit of q(s)?
7
Let k(v) = -4*v - 4. Let g be k(-5). Suppose -z + 5*z - g = 0. What is the units digit of z?
4
Let y(s) = -s**3 + 7*s**2 + 10*s - 9. What is the tens digit of y(6)?
8
Suppose 0 = b - 1 - 1. Let s be (-3 - (-8)/4)*-2. Suppose p + 3 = -b*w, -4*p = -s*p + w. What is the units digit of p?
1
Let w(s) = s**2 + 2. Let m be w(-5). Let d = m + -15. What is the units 